t h = -5616 + 26513. Is h a composite number?
False
Let j = -149 - -160. Is (j/14 - (-18)/(-63))*12674 composite?
False
Suppose -25*k - 3628896 = -121*k. Is k a prime number?
False
Suppose -3*g = -4*g - l + 6, 0 = g + 3*l - 6. Suppose -g*h = -5*h + 5*h. Suppose -x + 3870 = 5*p, h*x = 4*x - 2*p - 15370. Is x a composite number?
True
Let t(u) = -124*u + 16. Let o be t(-11). Let f = o + -601. Suppose -8*z = -333 - f. Is z a prime number?
True
Let m(o) = o**3 - 25*o + 6. Let g be m(5). Is 18/(-12)*(-5036)/g a composite number?
False
Suppose 3*w = 2*a + 24 - 123, -4*a + 188 = -4*w. Suppose -4*l - 11 + a = 3*f, 4*l - 16 = 0. Suppose -3*r + 6*c = 5*c - 8453, r - f*c - 2799 = 0. Is r prime?
True
Let a be 4/1*(-11)/(-11). Suppose -a*s + 140 = 3*i - 4*i, -2*i - 178 = -5*s. Let r = s - 1. Is r composite?
True
Suppose -p - 66 + 70 = 0, -5*l + 35185 = 5*p. Is l prime?
False
Let s(d) = -4*d**3 - 11*d**2 + 13*d + 30. Let r(q) = 6*q**3 + 23*q**2 - 27*q - 61. Let o(c) = -3*r(c) - 5*s(c). Is o(9) a prime number?
False
Suppose 3*j - 306403 = -5*b, 3*b + 2*j = -118499 + 302340. Is b composite?
False
Let k(u) = 30*u**2 + 5*u + 9. Let v be k(-2). Let g = -97 + v. Suppose -g*p + 16*p = -39354. Is p a prime number?
False
Let x(b) = -426*b + 35. Let f(n) = -n. Let m(v) = 5*v + 13. Let o(r) = -6*f(r) - m(r). Let w be o(1). Is x(w) a prime number?
True
Let t(v) = -74*v**3 + 85*v**2 + v + 143. Is t(-11) composite?
True
Suppose 2*r = 5*g + 15, -5*g + 2 = 17. Suppose r*i - 2*i = -4*i. Suppose -2*c + 41 + 1203 = i. Is c a composite number?
True
Let v = -372 + 90. Suppose 0 = k - 2*q - 875, 0 = -2*k - q + 2*q + 1741. Let g = v + k. Is g prime?
True
Let z be ((-176)/110)/(2/25). Let c be (-8767)/(-2) + (-10)/z. Suppose -510 = -2*p + c. Is p a prime number?
True
Let b(w) = -w**2 + 59*w + 23. Let c be b(20). Let u = c - 466. Is u a prime number?
True
Suppose -3*t - 2*t = 15, -64 = -4*i + 4*t. Suppose d + i = 4*z, 4*d + 3*z + 0 = 5. Is 370 + ((-3)/3)/d a composite number?
True
Is 36/(-126) + 2426433/7 - (-4)/1 prime?
False
Suppose 36 = -17*c + 16*c. Is ((-24)/c)/(6/35487) a composite number?
False
Let c be (-3 - (-976)/(-12))/((-4)/7044). Suppose 0 = -26*a + 49*a - c. Is a a prime number?
False
Suppose -35*l - 58*l = -7*l - 20033270. Is l prime?
False
Suppose -3*h - 17 = -26. Suppose 0 = h*m - 3*g - 18, 0*m + g = 5*m - 34. Suppose -1774 = -m*k + 1159. Is k a composite number?
False
Is 162363 + (-27)/(297/44) prime?
True
Suppose 0 = -d - 1, 4*k - 10370 = 4*d + 2070. Suppose 0*g = -4*g + 2456. Suppose -g = 5*r - k. Is r a prime number?
True
Suppose -5618528 = -71*s + 726245. Is s a prime number?
True
Suppose 19 - 7 = 3*n, 3*n - 87 = 5*u. Let p be 4*u*(-3)/36. Let d(s) = 41*s + 16. Is d(p) a prime number?
False
Let c(j) be the third derivative of 43*j**4/24 - 233*j**3/6 + j**2 + j. Is c(18) a prime number?
True
Let c = 3 - -2. Suppose -20 = 5*g + 5*w, c*w + 20 = -g - 2*g. Is 1*(g/(-2) - -129) prime?
False
Suppose 21*p = 15*p + 360. Suppose p*x - 59*x - 12949 = 0. Is x composite?
True
Let f = -53 + 56. Suppose 5*m - 17516 = -2*s + 6*s, 2*s = f*m - 10508. Let d = m + -513. Is d a composite number?
True
Let s(c) = 32*c**3 + c**2 + 4*c + 5. Let t be s(4). Let i = 574 - 567. Suppose i*q = -342 + t. Is q prime?
False
Let j(w) = 2*w**2 + 56*w - 2377. Is j(-64) composite?
True
Let k(n) = -33 + 19*n - 37 + 46*n**2 - 53 + 4*n - 7*n. Is k(13) composite?
True
Let q be (4*5596)/((-94)/(-47)). Suppose -q = -2*k + 4086. Is k a composite number?
False
Let j(p) = 11*p - 71. Let i be j(6). Is (6121 - -1)*1/(-3 - i) composite?
False
Let x = 133769 - 58028. Is x composite?
True
Suppose -36*q = 143006 - 1096250. Is q a prime number?
True
Suppose 2*q + 4*p + 41036 - 461754 = 0, -7*q + 2*p = -1472577. Is q composite?
True
Let i(x) = 10*x**2 + 4*x + 3. Suppose -48 = 4*g - 24. Let z be i(g). Suppose 0 = -3*y + z + 978. Is y a composite number?
False
Let u(b) = -83*b**3 + 13*b**2 + 29*b - 22. Is u(-9) a composite number?
True
Suppose -u + 3*a = 12 + 3, -5*u + 15 = 3*a. Suppose u = w - 30 + 42. Is (-20530)/(-15)*w/(-8) a composite number?
False
Is 4/(-6) + (-5687580)/(-18) + -15 a composite number?
False
Let n be (2 + (-1725)/(-6))/((-9)/54). Let u = -475 - n. Is u a composite number?
True
Let r be (-9)/(-2)*(-4)/(-3). Suppose s - r = -h - 2, 5*s - 4 = -h. Suppose -422 - 214 = -h*u. Is u composite?
True
Let a be -38*27/(-30) - (-8)/(-40). Let j = -32 + a. Is (-4 + 9)*(-26)/(-4)*j composite?
True
Suppose -3 + 48 = 5*l. Let s(f) be the first derivative of f**4/4 - 7*f**3/3 - 17*f**2/2 - 3*f - 3972. Is s(l) composite?
True
Let p(w) = -36247*w + 398. Is p(-5) prime?
False
Let m = 466254 - 325092. Suppose 13*z = 109153 + m. Is z a composite number?
True
Let c(p) = 14*p**3 - 20*p**2 + 25*p + 19. Let i be c(12). Suppose 11*v - 53620 = i. Is v a composite number?
False
Let c(q) = q + 1. Let g(p) = 9. Let b(r) = -3*c(r) + g(r). Let n be b(2). Suppose -m = -n*m - 91. Is m prime?
False
Let a(k) = 10*k - 12*k - 7 - 1. Let q be a(-5). Suppose q*g - 623 = 711. Is g composite?
True
Let z be (15033/(-9))/(1/(-3)). Let u be z - 4*4/(-8). Suppose -u = -0*s - 9*s. Is s composite?
False
Suppose -3*r + 5*v + 26401 = 0, v + 7736 = 3*r - 18681. Is r a prime number?
True
Suppose -5*n - 158 + 238 = 0. Is (79082/n)/(44/352) a composite number?
False
Suppose -479139 = -4*q - 3*u, -13*q + 9*q + 479114 = -2*u. Is ((-8)/6*q/6)/(-2) a prime number?
True
Let t(u) = 9427*u + 139. Is t(10) composite?
True
Let t be ((-9)/(-3) - -3)/(9/24). Let x(o) = 22 - 9*o + t - 86*o - 30*o. Is x(-9) a prime number?
True
Let w be ((-1)/(-1))/((-25)/(-10) - 2). Let h be (-3)/(w - 28/16). Is 84531/12 - h/16 a composite number?
True
Let u be 2/5*(11 - 26). Let z(b) = 3*b**2 + 3*b - 1. Let h be z(u). Suppose s - 3*y + 2*y - h = 0, -y - 176 = -2*s. Is s a prime number?
False
Let c = 8084 - -17307. Is c composite?
False
Suppose 0 = 2*x + 3*k - 68243 - 204072, -2*k = 4*x - 544618. Is x composite?
True
Let c(i) = i**2 - i - 1. Let p(b) = 2*b**3 + b**2 - b + 52. Let w = 45 + -44. Let y(u) = w*p(u) - c(u). Is y(0) prime?
True
Let t be (-69)/15 + -1 - (-4)/(-10). Let d(y) = 40*y - 9. Let z(p) = 41*p - 10. Let l(j) = -5*d(j) + 4*z(j). Is l(t) a composite number?
True
Suppose 0 = -2*y + 3560 + 374. Suppose 0 = -2*w + y + 14019. Is w a composite number?
False
Let c = 36998 + -26166. Suppose -7*w + c + 6647 = 0. Is w a composite number?
True
Suppose 5*c + 3*w - 227 = 0, 2*c + 0*w - 4*w = 96. Suppose -74*o + 7196 = -c*o. Is o a composite number?
False
Let w(o) = 1772*o**3 + 4*o**2 + 117*o - 642. Is w(5) a prime number?
False
Let d(t) = 7*t + 2. Let b be d(13). Let h(u) = -6*u + 4 + 2*u - 5 + b*u**2. Is h(4) prime?
True
Suppose -2*l + 2 = 2. Suppose l = -4*m + 5*d + 491, 4*m + m - 2*d - 618 = 0. Suppose -33*x - m = -35*x. Is x a prime number?
False
Let a(p) = 5*p**2 + 9 + 2*p**3 - 1299*p - 7*p**2 + 1292*p. Is a(10) prime?
False
Is 1 - -93647*1 - (-5 + 288/48) a prime number?
False
Suppose -970032 + 2321998 = 22*h. Is h a composite number?
True
Suppose 151*o - 70572122 + 3479335 = 70375650. Is o prime?
False
Suppose 3*i = 4*t - i - 108, -117 = -5*t - i. Let a be ((-146)/6)/((-196)/t + 8). Is 1*a - (-3)/1 a composite number?
False
Is (-1)/(2/(-206579)) + 106/(-212) a prime number?
True
Suppose 73 = -4*m + 473. Let u = 92 - m. Is u/32 - 8436/(-16) composite?
True
Let w(l) = -4027*l + 574. Is w(-3) composite?
True
Suppose 4*m + v - 20724 = -0*v, m + 3*v - 5192 = 0. Let p = 8851 - m. Is p a composite number?
False
Suppose 2*i = -2*i + 632. Let q be ((-22)/(-1))/(3/3) - -1. Suppose -21*t + q*t = i. Is t a prime number?
True
Let y be (-4)/6 + ((-16374)/(-18) - 6). Suppose -y = -t - 4*s, 4*t + 1008 = -5*s + 4576. Is t a prime number?
True
Let o(c) = 47*c**2 - 13*c + 1367. Is o(27) composite?
False
Let m(j) = -2*j**3 + 29*j**2 - 14*j. Let q be m(14). Suppose q = 10*i + 1111976 + 73224. Is 3/(-21) - i/70 a composite number?
False
Suppose -2*o = -d - 8 - 6, 0 = -o + 3*d + 7. Let v(l) = 101*l**2 - 13*l + 3. Is v(o) a composite number?
False
Suppose -10*v + 594 = -16*v. Is v/6*(-2370)/45 a prime number?
False
Let i(v) = 382*v - 3225. Is i(29) a prime number?
True
Let i = 391 - 377. Let w(b) = 6242*b + 19. Is w(i) a composite number?
False
Let h(w) = -w**2 - 7*w + 8. Let q be h(-8)